{"id":801,"date":"2026-06-20T05:30:36","date_gmt":"2026-06-20T05:30:36","guid":{"rendered":"https:\/\/vincasa-visions.com\/nos-projets-phares\/"},"modified":"2026-08-12T05:22:40","modified_gmt":"2026-08-12T05:22:40","slug":"nos-projets-phares","status":"publish","type":"page","link":"https:\/\/vincasa-winecellars.com\/fr\/nos-projets-phares\/","title":{"rendered":"Nos projets phares"},"content":{"rendered":"\t\t<div data-elementor-type=\"wp-page\" data-elementor-id=\"801\" class=\"elementor elementor-801 elementor-531\" data-elementor-post-type=\"page\">\n\t\t\t\t<div class=\"elementor-element elementor-element-f3720dd e-con e-atomic-element e-flexbox-base e-f3720dd-3d394a2 container_page \" data-id=\"f3720dd\" data-element_type=\"e-flexbox\" data-e-type=\"e-flexbox\" data-interaction-id=\"f3720dd\" data-e-type=\"e-flexbox\" data-id=\"f3720dd\">\n    \t\t\t<h1 data-interaction-id=\"514b5a0\" class=\"e-514b5a0-1643804 title_h1 e-heading-base\" data-e-type=\"widget\" data-id=\"514b5a0\">Nos projets phares<\/h1>\n\t\t\t\t\t<p class=\"e-c8e1ac8-9f59d55 title_text e-paragraph-base\" data-interaction-id=\"c8e1ac8\" data-e-type=\"widget\" data-id=\"c8e1ac8\">Cette s\u00e9lection de projets de caves \u00e0 vin priv\u00e9es refl\u00e8te notre style et notre philosophie : comment nous transformons les souhaits et les id\u00e9es individuels de notre client\u00e8le en concepts de caves \u00e0 vin r\u00e9fl\u00e9chis et empreints de caract\u00e8re. Au centre de notre travail se trouvent toujours les personnes et leur passion pour le vin \u2013 qu'il s'agisse du d\u00e9sir d'un stockage optimal, d'une utilisation efficace de l'espace ou d'une mise en sc\u00e8ne esth\u00e9tique et \u00e9vocatrice. Notre objectif : cr\u00e9er des caves \u00e0 vin qui non seulement convainquent par leur fonctionnalit\u00e9, mais qui inspirent \u2013 et transforment la d\u00e9gustation de chaque goutte pr\u00e9cieuse en une v\u00e9ritable exp\u00e9rience.  <\/p>\n\t\t\t\t<div class=\"elementor-element elementor-element-382ca9d elementor-widget elementor-widget-shortcode\" data-id=\"382ca9d\" data-element_type=\"widget\" data-e-type=\"widget\" data-widget_type=\"shortcode.default\">\n\t\t\t\t\t\t\t<div class=\"elementor-shortcode\"><div class=\"vincasa-top-projects-wrapper\"><style>\r\n    h5 {\r\n        margin-block-start: 10px;\r\n        margin-block-end: 0px;\r\n        margin-inline-start: 0px;\r\n        margin-inline-end: 0px;\r\n        padding-block-start: 0px;\r\n        padding-block-end: 5px;\r\n        padding-inline-start: 5px;\r\n        padding-inline-end: 5px;\r\n        font-family: Khand,sans-serif;\r\n        text-transform: uppercase;\r\n        color: var(--qode-main-color);\r\n        font-size: 20px;\r\n        line-height: 1.2em;\r\n        font-weight: 600;\r\n        letter-spacing: .1em;\r\n        word-wrap: break-word;\r\n    }\r\n<\/style>\r\n<div class=\"container-xxl my-4\">\r\n\t\r\n\t<div class=\"row row-cols-1 row-cols-md-2 g-4 align-items-start\">\r\n\t\t\t\t\t<div class=\"col d-flex justify-content-center\">\r\n\t\t\t\t<figure class=\"m-0 text-center\" style=\"max-width:740px;\">\r\n\t\t\t\t\t<a href=\"\/fr\/projet\/?id=cave-a-vin-multifonction-dans-la-region-rhin-main\" class=\"d-block\">\r\n\t\t\t\t\t\t<img\r\n\t\t\t\t\t\t\tsrc=\"https:\/\/www.vincasa.de\/toolsout\/weinkeller_projekte\/images\/9\/banner_20251124_115601_a5529763.jpg\"\r\n\t\t\t\t\t\t\talt=\"Cave \u00e0 vin multifonction dans la r\u00e9gion Rhin-Main\"\r\n\t\t\t\t\t\t\tclass=\"img-fluid w-100\"\r\n\t\t\t\t\t\t\tstyle=\"aspect-ratio:740\/310; object-fit:cover; max-height:310px;\" \/>\r\n\t\t\t\t\t<\/a>\r\n\t\t\t\t\t<h5>\r\n\t\t\t\t\t\tCave \u00e0 vin multifonction dans la r\u00e9gion Rhin-Main\t\t\t\t\t<\/h5>\r\n\t\t\t\t<\/figure>\r\n\t\t\t<\/div>\r\n\t\t\t\t\t<div class=\"col d-flex justify-content-center\">\r\n\t\t\t\t<figure class=\"m-0 text-center\" style=\"max-width:740px;\">\r\n\t\t\t\t\t<a href=\"\/fr\/projet\/?id=cave-a-vin-privee-a-wiesbaden\" class=\"d-block\">\r\n\t\t\t\t\t\t<img\r\n\t\t\t\t\t\t\tsrc=\"https:\/\/www.vincasa.de\/toolsout\/weinkeller_projekte\/images\/10\/banner_20251125_091714_e952b492.jpg\"\r\n\t\t\t\t\t\t\talt=\"Cave \u00e0 vin priv\u00e9e \u00e0 Wiesbaden\"\r\n\t\t\t\t\t\t\tclass=\"img-fluid w-100\"\r\n\t\t\t\t\t\t\tstyle=\"aspect-ratio:740\/310; object-fit:cover; max-height:310px;\" \/>\r\n\t\t\t\t\t<\/a>\r\n\t\t\t\t\t<h5>\r\n\t\t\t\t\t\tCave \u00e0 vin priv\u00e9e \u00e0 Wiesbaden\t\t\t\t\t<\/h5>\r\n\t\t\t\t<\/figure>\r\n\t\t\t<\/div>\r\n\t\t\t\t\t<div class=\"col d-flex justify-content-center\">\r\n\t\t\t\t<figure class=\"m-0 text-center\" style=\"max-width:740px;\">\r\n\t\t\t\t\t<a href=\"\/fr\/projet\/?id=cave-a-vin-privee-a-chateaubriant\" class=\"d-block\">\r\n\t\t\t\t\t\t<img\r\n\t\t\t\t\t\t\tsrc=\"https:\/\/www.vincasa.de\/toolsout\/weinkeller_projekte\/images\/11\/banner_20251127_165119_bf72fb49.jpg\"\r\n\t\t\t\t\t\t\talt=\"Cave \u00e0 vin priv\u00e9e \u00e0 Ch\u00e2teaubriant\"\r\n\t\t\t\t\t\t\tclass=\"img-fluid w-100\"\r\n\t\t\t\t\t\t\tstyle=\"aspect-ratio:740\/310; object-fit:cover; max-height:310px;\" \/>\r\n\t\t\t\t\t<\/a>\r\n\t\t\t\t\t<h5>\r\n\t\t\t\t\t\tCave \u00e0 vin priv\u00e9e \u00e0 Ch\u00e2teaubriant\t\t\t\t\t<\/h5>\r\n\t\t\t\t<\/figure>\r\n\t\t\t<\/div>\r\n\t\t\t\t\t<div class=\"col d-flex justify-content-center\">\r\n\t\t\t\t<figure class=\"m-0 text-center\" style=\"max-width:740px;\">\r\n\t\t\t\t\t<a href=\"\/fr\/projet\/?id=bearn-un-terroir-viticole-pres-de-maspie\" class=\"d-block\">\r\n\t\t\t\t\t\t<img\r\n\t\t\t\t\t\t\tsrc=\"https:\/\/www.vincasa.de\/toolsout\/weinkeller_projekte\/images\/12\/banner_20251127_110445_d2b0fcd2.jpg\"\r\n\t\t\t\t\t\t\talt=\"B\u00e9arn, un terroir viticole pr\u00e8s de Maspie\"\r\n\t\t\t\t\t\t\tclass=\"img-fluid w-100\"\r\n\t\t\t\t\t\t\tstyle=\"aspect-ratio:740\/310; object-fit:cover; max-height:310px;\" \/>\r\n\t\t\t\t\t<\/a>\r\n\t\t\t\t\t<h5>\r\n\t\t\t\t\t\tB\u00e9arn, un terroir viticole pr\u00e8s de Maspie\t\t\t\t\t<\/h5>\r\n\t\t\t\t<\/figure>\r\n\t\t\t<\/div>\r\n\t\t\t<\/div>\r\n<\/div>\r\n<\/div><\/div>\n\t\t\t\t\t\t<\/div>\n\t\t\t\t\t<h2 data-interaction-id=\"1ea697a\" class=\"e-1ea697a-0abdef8 e-heading-base\" data-e-type=\"widget\" data-id=\"1ea697a\">autres projets priv\u00e9s<\/h2>\n\t\t<div class=\"elementor-element elementor-element-a072542 e-con e-atomic-element e-flexbox-base e-a072542-b4b8788 \" data-id=\"a072542\" data-element_type=\"e-flexbox\" data-e-type=\"e-flexbox\" data-interaction-id=\"a072542\" data-e-type=\"e-flexbox\" data-id=\"a072542\">\n    \t\t\t<a href=\"https:\/\/vincasa-winecellars.com\/weinkellerbau-aus-holz-projekte\/\" target=\"_self\" class=\"button e-af3496e-f8c4e7a e-button-base\" data-interaction-id=\"af3496e\" data-e-type=\"widget\" data-id=\"af3496e\">\n\t\ten bois\n\t<\/a>\t\t\t\t\t<a href=\"https:\/\/vincasa-winecellars.com\/weinkellerbau-aus-metall-projekte\/\" target=\"_self\" class=\"button e-f6a8e67-b7a4c8e e-button-base\" data-interaction-id=\"f6a8e67\" data-e-type=\"widget\" data-id=\"f6a8e67\">\n\t\ten m\u00e9tal\n\t<\/a>\t\t\n<\/div>\n\n<\/div>\n\t\t<\/div>\n\t\t","protected":false},"excerpt":{"rendered":"<p>Nos projets phares Cette s\u00e9lection de projets de caves \u00e0 vin priv\u00e9es refl\u00e8te notre style et notre philosophie : comment nous transformons les souhaits et les id\u00e9es individuels de notre client\u00e8le en concepts de caves \u00e0 vin r\u00e9fl\u00e9chis et empreints de caract\u00e8re. Au centre de notre travail se trouvent toujours les personnes et leur passion [&hellip;]<\/p>\n","protected":false},"author":2,"featured_media":0,"parent":0,"menu_order":0,"comment_status":"closed","ping_status":"closed","template":"elementor_theme","meta":{"footnotes":""},"class_list":["post-801","page","type-page","status-publish","hentry"],"_links":{"self":[{"href":"https:\/\/vincasa-winecellars.com\/fr\/wp-json\/wp\/v2\/pages\/801","targetHints":{"allow":["GET"]}}],"collection":[{"href":"https:\/\/vincasa-winecellars.com\/fr\/wp-json\/wp\/v2\/pages"}],"about":[{"href":"https:\/\/vincasa-winecellars.com\/fr\/wp-json\/wp\/v2\/types\/page"}],"author":[{"embeddable":true,"href":"https:\/\/vincasa-winecellars.com\/fr\/wp-json\/wp\/v2\/users\/2"}],"replies":[{"embeddable":true,"href":"https:\/\/vincasa-winecellars.com\/fr\/wp-json\/wp\/v2\/comments?post=801"}],"version-history":[{"count":3,"href":"https:\/\/vincasa-winecellars.com\/fr\/wp-json\/wp\/v2\/pages\/801\/revisions"}],"predecessor-version":[{"id":4221,"href":"https:\/\/vincasa-winecellars.com\/fr\/wp-json\/wp\/v2\/pages\/801\/revisions\/4221"}],"wp:attachment":[{"href":"https:\/\/vincasa-winecellars.com\/fr\/wp-json\/wp\/v2\/media?parent=801"}],"curies":[{"name":"wp","href":"https:\/\/api.w.org\/{rel}","templated":true}]}}

<div data-elementor-type="wp-page" data-elementor-id="801" class="elementor elementor-801 elementor-531" data-elementor-post-type="page">
				<div class="elementor-element elementor-element-f3720dd e-con e-atomic-element e-flexbox-base e-f3720dd-3d394a2 container_page " data-id="f3720dd" data-element_type="e-flexbox" data-e-type="e-flexbox" data-interaction-id="f3720dd" data-e-type="e-flexbox" data-id="f3720dd">
    			<h1 data-interaction-id="514b5a0" class="e-514b5a0-1643804 title_h1 e-heading-base" data-e-type="widget" data-id="514b5a0">Nos projets phares</h1>
					<p class="e-c8e1ac8-9f59d55 title_text e-paragraph-base" data-interaction-id="c8e1ac8" data-e-type="widget" data-id="c8e1ac8">Cette sélection de projets de caves à vin privées reflète notre style et notre philosophie : comment nous transformons les souhaits et les idées individuels de notre clientèle en concepts de caves à vin réfléchis et empreints de caractère. Au centre de notre travail se trouvent toujours les personnes et leur passion pour le vin – qu'il s'agisse du désir d'un stockage optimal, d'une utilisation efficace de l'espace ou d'une mise en scène esthétique et évocatrice. Notre objectif : créer des caves à vin qui non seulement convainquent par leur fonctionnalité, mais qui inspirent – et transforment la dégustation de chaque goutte précieuse en une véritable expérience.  </p>
				<div class="elementor-element elementor-element-382ca9d elementor-widget elementor-widget-shortcode" data-id="382ca9d" data-element_type="widget" data-e-type="widget" data-widget_type="shortcode.default">
							<div class="elementor-shortcode"><div class="vincasa-top-projects-wrapper"><style>
    h5 {
        margin-block-start: 10px;
        margin-block-end: 0px;
        margin-inline-start: 0px;
        margin-inline-end: 0px;
        padding-block-start: 0px;
        padding-block-end: 5px;
        padding-inline-start: 5px;
        padding-inline-end: 5px;
        font-family: Khand,sans-serif;
        text-transform: uppercase;
        color: var(--qode-main-color);
        font-size: 20px;
        line-height: 1.2em;
        font-weight: 600;
        letter-spacing: .1em;
        word-wrap: break-word;
    }
</style>
<div class="container-xxl my-4">
	
	<div class="row row-cols-1 row-cols-md-2 g-4 align-items-start">
					<div class="col d-flex justify-content-center">
				<figure class="m-0 text-center" style="max-width:740px;">
					<a href="/fr/projet/?id=cave-a-vin-multifonction-dans-la-region-rhin-main" class="d-block">
						<img
							src="https://www.vincasa.de/toolsout/weinkeller_projekte/images/9/banner_20251124_115601_a5529763.jpg"
							alt="Cave à vin multifonction dans la région Rhin-Main"
							class="img-fluid w-100"
							style="aspect-ratio:740/310; object-fit:cover; max-height:310px;" />
					</a>
					<h5>
						Cave à vin multifonction dans la région Rhin-Main					</h5>
				</figure>
			</div>
					<div class="col d-flex justify-content-center">
				<figure class="m-0 text-center" style="max-width:740px;">
					<a href="/fr/projet/?id=cave-a-vin-privee-a-wiesbaden" class="d-block">
						<img
							src="https://www.vincasa.de/toolsout/weinkeller_projekte/images/10/banner_20251125_091714_e952b492.jpg"
							alt="Cave à vin privée à Wiesbaden"
							class="img-fluid w-100"
							style="aspect-ratio:740/310; object-fit:cover; max-height:310px;" />
					</a>
					<h5>
						Cave à vin privée à Wiesbaden					</h5>
				</figure>
			</div>
					<div class="col d-flex justify-content-center">
				<figure class="m-0 text-center" style="max-width:740px;">
					<a href="/fr/projet/?id=cave-a-vin-privee-a-chateaubriant" class="d-block">
						<img
							src="https://www.vincasa.de/toolsout/weinkeller_projekte/images/11/banner_20251127_165119_bf72fb49.jpg"
							alt="Cave à vin privée à Châteaubriant"
							class="img-fluid w-100"
							style="aspect-ratio:740/310; object-fit:cover; max-height:310px;" />
					</a>
					<h5>
						Cave à vin privée à Châteaubriant					</h5>
				</figure>
			</div>
					<div class="col d-flex justify-content-center">
				<figure class="m-0 text-center" style="max-width:740px;">
					<a href="/fr/projet/?id=bearn-un-terroir-viticole-pres-de-maspie" class="d-block">
						<img
							src="https://www.vincasa.de/toolsout/weinkeller_projekte/images/12/banner_20251127_110445_d2b0fcd2.jpg"
							alt="Béarn, un terroir viticole près de Maspie"
							class="img-fluid w-100"
							style="aspect-ratio:740/310; object-fit:cover; max-height:310px;" />
					</a>
					<h5>
						Béarn, un terroir viticole près de Maspie					</h5>
				</figure>
			</div>
			</div>
</div>
</div></div>
						</div>
					<h2 data-interaction-id="1ea697a" class="e-1ea697a-0abdef8 e-heading-base" data-e-type="widget" data-id="1ea697a">autres projets privés</h2>
		<div class="elementor-element elementor-element-a072542 e-con e-atomic-element e-flexbox-base e-a072542-b4b8788 " data-id="a072542" data-element_type="e-flexbox" data-e-type="e-flexbox" data-interaction-id="a072542" data-e-type="e-flexbox" data-id="a072542">
    			<a href="https://vincasa-winecellars.com/weinkellerbau-aus-holz-projekte/" target="_self" class="button e-af3496e-f8c4e7a e-button-base" data-interaction-id="af3496e" data-e-type="widget" data-id="af3496e">
		en bois
	</a>					<a href="https://vincasa-winecellars.com/weinkellerbau-aus-metall-projekte/" target="_self" class="button e-f6a8e67-b7a4c8e e-button-base" data-interaction-id="f6a8e67" data-e-type="widget" data-id="f6a8e67">
		en métal
	</a>		
</div>

</div>
		</div>

<p>Nos projets phares Cette sélection de projets de caves à vin privées reflète notre style et notre philosophie : comment nous transformons les souhaits et les idées individuels de notre clientèle en concepts de caves à vin réfléchis et empreints de caractère. Au centre de notre travail se trouvent toujours les personnes et leur passion [&hellip;]</p>
